
False
Is 154874987257 a composite number?
True
Is 6025271 composite?
True
Is 53692927 a composite number?
False
Is 2596830721 a prime number?
True
Is 40331953 a prime number?
False
Is 4445359439 composite?
True
Is 2829993343 a prime number?
True
Is 21775207541 prime?
True
Is 192334057 a prime number?
False
Is 7762893091 composite?
False
Is 16396875311 composite?
True
Is 6641784881 composite?
False
Is 4817269459 composite?
True
Is 7604707087 a composite number?
True
Is 32576183141 a composite number?
False
Is 13596589141 a composite number?
True
Is 621398417 a composite number?
False
Is 47178026881 a composite number?
False
Is 31029122399 a composite number?
True
Is 3330902999 prime?
False
Is 5325170291 a composite number?
True
Is 57389842579 composite?
False
Is 2693847649 prime?
True
Is 149177551 composite?
True
Is 649943309 prime?
False
Is 99596288641 prime?
True
Is 823788151 a composite number?
False
Is 13493737223 prime?
False
Is 1125756323 composite?
False
Is 44525909147 a prime number?
True
Is 78662497 composite?
False
Is 3361705481 composite?
True
Is 5377584923 composite?
False
Is 21916137281 a prime number?
False
Is 4089944021 a prime number?
True
Is 8267283559 a composite number?
True
Is 474918757 a composite number?
False
Is 714514529 composite?
True
Is 32002456309 composite?
True
Is 5163450443 a prime number?
False
Is 1854269465 composite?
True
Is 209906806741 a prime number?
False
Is 243539797 a prime number?
False
Is 823575143 a prime number?
True
Is 95233342 prime?
False
Is 82887611 a composite number?
True
Is 11043975365 composite?
True
Is 501485843 prime?
True
Is 1708120277 a prime number?
False
Is 1263959909 prime?
False
Is 744419843 a prime number?
False
Is 4512764017 prime?
True
Is 540553669 prime?
False
Is 17056318661 a composite number?
False
Is 46701379 composite?
False
Is 417003941 composite?
False
Is 14518040551 prime?
False
Is 11347687019 a prime number?
True
Is 83333091169 a composite number?
False
Is 945563179 composite?
True
Is 83146831661 a prime number?
True
Is 79646950393 composite?
True
Is 1736936569 a composite number?
True
Is 51681483817 composite?
True
Is 112661179 a prime number?
False
Is 9673552685 composite?
True
Is 2671762913 prime?
False
Is 2645260831 composite?
False
Is 959411407 prime?
True
Is 179140877 a composite number?
True
Is 4407132043 composite?
False
Is 8818990903 composite?
True
Is 11555151631 a composite number?
True
Is 193441051 prime?
False
Is 12595975411 a prime number?
False
Is 21318808813 a composite number?
True
Is 650448571 a prime number?
True
Is 10595887741 prime?
False
Is 2027849849 prime?
False
Is 6229022773 composite?
True
Is 41304252621 composite?
True
Is 19846218739 composite?
False
Is 85219435243 a prime number?
False
Is 38816935681 composite?
False
Is 25998911 prime?
False
Is 21909270077 prime?
False
Is 15418902529 prime?
False
Is 1231704129 a prime number?
False
Is 952256021 a composite number?
False
Is 11015356747 composite?
False
Is 86999953399 a prime number?
True
Is 20251310423 a prime number?
False
Is 3433960997 composite?
True
Is 1533136511 a prime number?
False
Is 16694163079 a composite number?
True
Is 3754723663 a prime number?
True
Is 3184033939 prime?
False
Is 252246671 a prime number?
True
Is 1230111661 prime?
False
Is 14554521871 a composite number?
True
Is 61733275277 composite?
True
Is 7373768069 composite?
False
Is 651981383 a composite number?
False
Is 75036497 prime?
True
Is 822120511 prime?
False
Is 5434056977 prime?
True
Is 5745713543 composite?
False
Is 962528289 prime?
False
Is 26983390661 a prime number?
False
Is 14154531109 composite?
True
Is 3330217673 a composite number?
False
Is 2802783457 prime?
True
Is 3345318083 a prime number?
True
Is 6766809401 a composite number?
True
Is 1710796007 composite?
False
Is 1798955713 a composite number?
False
Is 138871106357 composite?
False
Is 307378283 a prime number?
True
Is 2950637579 a prime number?
True
Is 7249766897 a composite number?
False
Is 92534149 a prime number?
False
Is 80093722099 a composite number?
True
Is 472361443 prime?
False
Is 69385649 composite?
False
Is 6121407533 prime?
False
Is 202288349 a prime number?
False
Is 1391173249 a composite number?
True
Is 2726130167 prime?
False
Is 10216870879 prime?
False
Is 91500598921 composite?
True
Is 82544197999 prime?
True
Is 2683022477 composite?
True
Is 2858958449 a composite number?
False
Is 71917892363 a prime number?
False
Is 144940141 a composite number?
False
Is 143316245663 composite?
False
Is 53170948711 prime?
True
Is 119048818711 a prime number?
False
Is 84723579263 a composite number?
True
Is 16373410303 prime?
False
Is 1375891087 a prime number?
False
Is 148630229173 composite?
False
Is 19862055473 composite?
True
Is 4866561503 a prime number?
False
Is 20543467811 composite?
True
Is 979827659 composite?
True
Is 2906161633 composite?
True
Is 5787278429 composite?
False
Is 4261125677 composite?
True
Is 181444127 a composite number?
False
Is 152265199 prime?
True
Is 15068179573 a prime number?
True
Is 24276979367 prime?
True
Is 5464911287 composite?
True
Is 36967867543 a composite number?
False
Is 4912396719 a composite number?
True
Is 3663867533 prime?
True
Is 47263988749 prime?
True
Is 47837948849 prime?
True
Is 950581943 a prime number?
True
Is 59506789 a composite number?
False
Is 79141747843 a composite number?
True
Is 10927306861 prime?
False
Is 644285146 composite?
True
Is 100304717263 a composite number?
False
Is 115975440073 composite?
False
Is 28700641891 prime?
False
Is 1574434181 prime?
True
Is 8371771 composite?
True
Is 1300417903 prime?
True
Is 696000758 a composite number?
True
Is 689248603 prime?
True
Is 135202733 a prime number?
False
Is 26516515535 a composite number?
True
Is 11386428971 prime?
True
Is 227683283951 a prime number?
True
Is 135551670773 prime?
True
Is 10466525951 a prime number?
False
Is 7494427141 a composite number?
True
Is 13692455917 composite?
True
Is 24883693 a prime number?
True
Is 78056580683 prime?
True
Is 6240238289 a prime number?
True
Is 835117973 a composite number?
False
Is 101130331447 a prime number?
False
Is 3154465033 composite?
False
Is 13829433693 prime?
False
Is 567149537 a prime number?
False
Is 3763974413 prime?
True
Is 557556716869 a composite number?
False
Is 148478399 composite?
True
Is 17719446791 prime?
True
Is 27916069645 a prime number?
False
Is 1270751201 composite?
False
Is 7077421607 a composite number?
False
Is 25120881923 prime?
True
Is 1458279943 composite?
True
Is 890624831 prime?
True
Is 14625893677 a prime number?
False
Is 3633316579 composite?
True
Is 689012959 prime?
False
Is 21462404329 a composite number?
True
Is 1499442523 a composite number?
False
Is 7973179619 prime?
True
Is 16378666939 a composite number?
True
Is 4501661071 prime?
True
Is 21096644291 composite?
False
Is 1527470661 a prime number?
False
Is 463444997 a prime number?
False
Is 760055767 prime?
True
Is 9886669519 prime?
False
Is 1210985959 a composite number?
False
Is 8501497247 a composite number?
True
Is 2956872289 prime?
False
Is 76982794381 a prime number?
True
Is 156023993 composite?
False
Is 24840107753 a prime number?
False
Is 64932677 prime?
True
Is 339575107 composite?
True
Is 4060375859 a composite number?
True
Is 3388058221 a prime number?
True
Is 466728833 a composite number?
False
Is 2829833959 a composite number?
False
Is 4746085459 a composite number?
False
Is 1450091933 composite?
False
Is 25026769781 prime?
False
Is 282169801 prime?
False
Is 180086489 a prime number?
False
Is 90638204047 a prime number?
True
Is 72069611 a composite number?
True
Is 19956721 a composite number?
True
Is 143645630419 prime?
False
Is 14138384083 prime?
False
Is 1583219083 composite?
False
Is 1535593503 prime?
False
Is 1456815973 prime?
False
Is 6250214609 prime?
False
Is 230197432649 a prime number?
False
Is 10561523842 composite?
True
Is 1674645601 prime?
False
Is 14723449903 a composite number?
False
Is 12344639159 a prime number?
False
Is 401803909 prime?
False
Is 252054763 a prime number?
True
Is 1872095939 a prime number?
False
Is 751625041 a composite number?
False
Is 29302493189 a prime number?
False
Is 159337931 a composite number?
True
Is 2001969799 prime?
True
Is 594179657 a prime number?
True